f m.
2, 19, 59
List the prime factors of (-5392)/(-1) + -9 + -13 + 23.
5393
Let l be (0 + -2*5)*29. Suppose -14 = -c - 0*c + m, 0 = -5*c + 3*m + 78. List the prime factors of (-3)/c + l/(-12).
2, 3
Suppose 0 = 3*d + 5*z - 10531, 10*d - 4*z - 3516 = 9*d. What are the prime factors of d?
2, 439
Let i(p) = -14*p. Suppose -2*f + 3*j - 2 = 0, 3*f - 5*j + 1 = -j. Suppose 0 = 5*x, q - x - 8 = f*q. What are the prime factors of i(q)?
2, 7
Let n(x) be the first derivative of -x**4/4 - x**3/3 + 3*x + 10. Let a be n(0). Let j(c) = -c**3 + 6*c**2. List the prime factors of j(a).
3
Let j = -8 - -359. What are the prime factors of j?
3, 13
Suppose 11*p - 15*p + 5*b = -1558, -5*p - 2*b = -1964. List the prime factors of p.
2, 7
Let o(h) = 171*h**2 - 9*h - 17. What are the prime factors of o(4)?
2683
Let r(f) = -2*f**2 + 21*f - 8. Let n be r(10). What are the prime factors of (n + 1)/((-2)/264*-2)?
2, 3, 11
Let t = 1947 - 675. List the prime factors of t.
2, 3, 53
Let n = 828 + -1336. Let s = -344 - n. What are the prime factors of (-2 - -2) + s/4?
41
Let j(o) = -4 + 6 - 4*o**2 + 6*o**2 - o**3 - 4*o. Let n be j(3). Let c = n + 44. What are the prime factors of c?
5
Let x be ((-1)/3)/(5/(-45)). Let v be (x - 0/(-1)) + 1. Suppose -2*b + v*b = 52. List the prime factors of b.
2, 13
Let i(h) be the first derivative of 4*h**3/3 - h**2 - 5*h - 5. What are the prime factors of i(5)?
5, 17
Suppose -7*h + 0*h - 42 = 0. Let f(k) = -2*k**3 - 8*k**2 - 2*k - 32. What are the prime factors of f(h)?
2, 31
Let m be 0 - (91/(-1) + -4). Suppose 5*g - m = 330. List the prime factors of g.
5, 17
Suppose -2*b + 7*b - 2560 = 0. What are the prime factors of (-3)/5 - b/(-20)?
5
Suppose 4*r - 4*u - 8 = 0, 5*u + 5 + 2 = 2*r. Let t be (-135)/(-30)*18/r. Suppose -f + 2*p + 21 = 0, -2*f = -7*f + 2*p + t. What are the prime factors of f?
3, 5
Let y(b) = -36*b + 5. Let l(a) be the first derivative of 71*a**2/2 - 9*a + 7. Let t(m) = -3*l(m) - 5*y(m). What are the prime factors of t(-1)?
5, 7
Suppose -9*v + v = -2456. What are the prime factors of v?
307
Suppose 0 = -6*t + 8*t - 182. Let j = t - 20. What are the prime factors of j?
71
Let g(a) = -32*a. Let v be g(-3). Suppose -2*x = 67 + 41. Let d = x + v. List the prime factors of d.
2, 3, 7
Let x(h) = -h + 7. Let q be x(4). List the prime factors of (2 - q) + (-9)/3 + 129.
5
Let m(z) be the third derivative of 2*z**5/15 + z**4/24 + z**3/3 - z**2. Let d be m(-4). List the prime factors of (1/(-3))/((-3)/d).
2, 7
Let b = -87 + 23. Let v = b - -86. What are the prime factors of v?
2, 11
Let c(q) = q**2 + 24*q + 283. List the prime factors of c(-26).
5, 67
Suppose 0 = -4*z - z + 20. Suppose -h + 2*w + 30 = 4*h, z*w + 40 = 5*h. Suppose 2*p = 4*p + 2*n - h, 38 = 4*p - 2*n. What are the prime factors of p?
7
Suppose 4*r + 2*k = 3*r + 13, -r + 5*k - 15 = 0. Let m(q) = q**3 - q - 8. List the prime factors of m(r).
2, 7
Suppose 4*u = v - 6*v + 10677, -2*u - 4*v = -5340. What are the prime factors of u?
2, 23, 29
Suppose -111 = 4*k - 5*h, 3*h = 5*h + 10. List the prime factors of k*(0 + -5 + 4).
2, 17
Let h = 716 - -48. List the prime factors of h/28 - 2/7.
3
Suppose -35360 = 2*r - 34*r. List the prime factors of r.
5, 13, 17
Suppose -5*b = -2*g - 3*b + 18, g = 3*b + 17. Suppose s - g*z - 39 = 4, -16 = -2*s - 4*z. What are the prime factors of s?
2, 3
Suppose -4*t = -4*w - 5212, t - 4*w - 351 - 964 = 0. What are the prime factors of t?
3, 433
Suppose 20370 = 15*u + 1830. What are the prime factors of u?
2, 3, 103
Suppose f - 4*m = 5*f + 12, 3*f + 2*m + 8 = 0. List the prime factors of f/(-3) - (-266)/6.
3, 5
Suppose -9*g + 9321 - 1302 = 0. What are the prime factors of g?
3, 11
Suppose -h + 75 = -4*h. Let k = 55 + h. What are the prime factors of ((-408)/k)/(2/(-5))?
2, 17
Let h be (20/(-12) + 2)/(3/36). Suppose -h*v + 4*m = -3*v - 137, 3*v - 2*m = 461. List the prime factors of v.
157
Suppose -56292 - 57068 = -65*i. What are the prime factors of i?
2, 109
Suppose 5*j + 86 + 489 = 0. Let o = j + 166. What are the prime factors of o?
3, 17
Let q be 8/3*(-18)/(-12). Suppose -q*w + w + 18 = 0. List the prime factors of (3 + (-26)/w)*-3.
2
Let k(r) = 2*r**2 + 13*r + 26. Let j be k(-3). Suppose 2*i + 520 = 7*i. Suppose -j*x + i = -x. List the prime factors of x.
2, 13
Let d = -7 - -12. Let o = 16 + d. Let m = -6 + o. List the prime factors of m.
3, 5
Suppose 4*h - 2*b = 8, b = -0*h + h. Suppose -4*k - h = 0, -3*k - 33 = -t - t. Suppose 2*f - t = 15. List the prime factors of f.
3, 5
Suppose -79*u + 81*u = 1192. List the prime factors of u.
2, 149
Suppose -5*s + 30 = 3*m, -3*s + m + 2 = -2. Suppose s*u - 16 = 62. Suppose y - 4*y + 6 = 0, -4*f = -y - u. List the prime factors of f.
7
Suppose 33*v + 326 = 34*v. Let x = v - 156. List the prime factors of x.
2, 5, 17
Suppose 4*p - 1555 = -3*l + 8*l, -1180 = -3*p + l. List the prime factors of p.
5, 79
Let u be (-9)/36 - (685/(-4))/5. Suppose 5*g - 3*l = 1136, g - 5*l = 270 - u. List the prime factors of g.
2, 113
Let f = 78 - -163. What are the prime factors of f?
241
Suppose 30*q = 2245 + 6335. List the prime factors of q.
2, 11, 13
Let c(x) = x**3 + 2*x + 37. Let y be c(0). Suppose 2*b - 1 = b. Suppose -b = 3*t - y. What are the prime factors of t?
2, 3
Let t(n) = -4*n + 9. Let q be t(-9). Let s = -22 + q. What are the prime factors of s?
23
Let i = -20 + 24. Suppose i*m + 222 = 3*f + m, -5*f = 3*m - 362. What are the prime factors of f?
73
Suppose 0 = -c - 3*o + 422, -3*o + 3 + 0 = 0. Suppose 0 = 3*j - c - 349. What are the prime factors of j?
2
Let n = -1030 - -1382. What are the prime factors of n?
2, 11
Let f(d) = 180*d**2 + 18*d - 18. What are the prime factors of f(1)?
2, 3, 5
Suppose -52*d = -22*d - 2730. List the prime factors of d.
7, 13
Let l(a) = 4*a**3 - 2*a**2 + 3*a - 6. Suppose -4*r + 3*m = 2*m - 14, -5*r + 17 = -m. Let i be l(r). Let c = -63 + i. List the prime factors of c.
2, 3, 5
Suppose -3*i - 5*r + 10 = 0, -2*i - 2*r + 7 = r. Suppose i*w - 924 = -t, -3*t + 375 = 2*w - 8*t. List the prime factors of w.
5, 37
Suppose s = j - 452, 4*j - 413 - 1395 = 3*s. List the prime factors of j.
2, 113
Let h(m) be the second derivative of -m**5/20 + 5*m**4/12 - m**3/6 + m**2/2 + 14*m. Suppose g - 2 = -0. What are the prime factors of h(g)?
11
Let b = 2784 - 1238. What are the prime factors of b?
2, 773
Let u be (-7)/(-3*1/(-3)). Let k(d) = -21*d - 16. List the prime factors of k(u).
131
Let i(f) = -5*f**2 + 49*f + 34. Let x(t) = 4*t**2 - 47*t - 35. Let q(w) = 5*i(w) + 6*x(w). List the prime factors of q(-20).
2, 3, 5
Let u = -12 + 9. Let i(o) = 48*o - 2. Let g be i(u). What are the prime factors of 3/(-2) + g/(-4)?
5, 7
Let g = -25 + 77. Suppose 0 = 2*d - 4*d + g. List the prime factors of d.
2, 13
Let o(i) = 147*i**3 + 4*i**2 - i - 1. Let a(r) = r**3 + 4*r**2 + 4*r + 4. Let f be a(-3). What are the prime factors of o(f)?
149
Let t = 9 + -19. Suppose 25 = 4*i - 31. Let y = i + t. What are the prime factors of y?
2
Let j(c) = 122*c**2 - 6*c - 24. List the prime factors of j(-3).
2, 3, 7, 13
Suppose 0 = 4*i + v + 71, i + v = 6*i + 82. Let l = -27 - i. Let m = 32 - l. List the prime factors of m.
2, 3, 7
Suppose 74 = -2*g - 20. Let r = g + 78. Let j = r + -17. List the prime factors of j.
2, 7
Suppose 0 = -2*c + 4*c - 150. Let h = 37 + c. What are the prime factors of h?
2, 7
What are the prime factors of -113 + 2584 + (-5)/(-1)?
2, 619
Let a(d) = 203*d + 4. What are the prime factors of a(1)?
3, 23
Let b = -1162 + 3053. What are the prime factors of b?
31, 61
Let o = 71 - 71. Suppose 2*q + o*q = 198. What are the prime factors of q?
3, 11
Let a(i) = -3*i + 322. Let n = -17 - -17. Let o be a(n). Suppose -z - o = -8*z. List the prime factors of z.
2, 23
Suppose 2 + 4 = 3*w. Let p be 12*(-4)/((-16)/10). What are the prime factors of w/12 - (-1285)/p?
43
Suppose 0 = -4*l + 10 + 10. Suppose q - 39 = -4*f + 1, -l*q + f = -200. List the prime factors of q.
2, 5
Let f(u) = u**3 - 29*u**2 + 56*u - 9. What are the prime factors of f(28)?
5, 31
What are the prime factors of (-8790)/(-50) + 4/20?
2, 11
Suppose 0*r + 3*r + 12 = 0, -5*n - 5*r + 2275 = 0. What are the prime factors of n?
3, 17
Let r = 21 + -19. Let t(u) = -7*u**2 + 11*u**2 - r - u**2. What are the prime factors of t(-5)?
73
Suppose -22 = -2*h - 6. 